se -3*h = -4*p - 5649, -5*h + 16*p + 9450 = 21*p. What is the remainder when h is divided by 42?
39
Let a(m) = -m**3 - 13*m**2 - 41*m - 6. Let j be a(-8). What is the remainder when -2*j*(-225)/36 is divided by 17?
8
Let k = 237 - 188. What is the remainder when -6 - k/(-7) - -37 is divided by 10?
8
Suppose -3*w - w + 4*s = -108, 3*w = -5*s + 121. Calculate the remainder when (-1284)/(-2) - (-5 + 8) - 2 is divided by w.
29
Let d(k) = 6*k**2 + 6*k - 7. Let y be d(-8). Let r = 562 - y. Calculate the remainder when r is divided by 47.
45
Suppose -302*r + 3*w = -307*r + 11464, 3*r - w = 6898. What is the remainder when r is divided by 32?
25
Calculate the remainder when 2430 is divided by 89 + -39*6/18.
74
Suppose k - 3*k = -138. Calculate the remainder when k is divided by 37 - (100/60 - (-6)/18).
34
Let z = 22928 - 22861. Calculate the remainder when 2214 is divided by z.
3
Let x(o) = -o**3 + 18*o**2 + 93*o + 87. Calculate the remainder when x(21) is divided by 354.
9
Let u be (3/(6*1))/(1/(-2)). Let h be u/3 + 7/21. Suppose -s + 31 = -h*s. What is the remainder when s is divided by 13?
5
Let o(r) = 6*r + 99. Let d be o(-33). Let m = -38 - d. What is the remainder when m is divided by 16/8 + 11*1?
9
Let k = -5386 - -5414. Calculate the remainder when 370 is divided by k.
6
Suppose 20 = -5*d, -4*d = -3*k + 2 + 17. Let n be k*(1 + -1) + -1 + 13. What is the remainder when ((-6)/n)/((-2)/316) is divided by 27?
25
Let f(w) = -2*w**3 + 52*w**2 - 21*w + 557. Calculate the remainder when (2 + -4)*(-258)/4 is divided by f(26).
8
Let z = 0 - -38. Suppose 4*j = -4*a + 2156, -6711 = -2*a + 2*j - 5673. Calculate the remainder when a is divided by z.
35
Suppose 0 = -4*d - 2*z + 358, -10*d = -9*d + z - 89. Calculate the remainder when d is divided by 11.
2
Suppose -29*x - x = -3780. Calculate the remainder when (-672)/x*21/(-2) is divided by 3.
2
Let r be (-6 - 543)*4/6. Let h = -21 - -37. What is the remainder when (r/9)/(32/(-48)) is divided by h?
13
Let n(d) = d**2 - 18*d + 84. Let s(a) = 108*a**2 + 7*a - 12. Calculate the remainder when s(2) is divided by n(5).
16
Calculate the remainder when 2002 is divided by (-4)/9*(-16 + (-17 - -36))*-150.
2
Let b = 15269 - 14462. What is the remainder when b is divided by 254?
45
Let d be 15/(2*(-1)/(8/(-6))). Let b be (-496)/(-40) + (-4)/d. Suppose -b = 4*n, -5*m + 0*n = 4*n - 23. Calculate the remainder when 19 is divided by m.
5
Let r be (144/84)/((-6)/(-28)). Suppose 5*v - 3 = 2*t + 5, 2*t + r = -5*v. Suppose -21*g + 22*g - 32 = v. What is the remainder when 126 is divided by g?
30
Calculate the remainder when 446 is divided by 1554/(-56)*(-176)/33.
2
Let d = -7658 - -11879. Calculate the remainder when d is divided by 128.
125
Let m(j) = -j + 0 + 0 + 2*j + 3. Calculate the remainder when m(10) is divided by (-976)/(-144) - (-4)/18.
6
Suppose 48*k + 10584 = 24*k. Let n = 453 + k. What is the remainder when 26 is divided by n?
2
Suppose -81 = 7*p - 11. What is the remainder when 39*1*(-2)/(-3) is divided by (-372)/(-76) + p/(-95)?
1
Let q = -4141 - -4984. What is the remainder when q is divided by 5?
3
Let r = -97626 + 97639. Let q = -5 + 9. What is the remainder when r is divided by q?
1
Let v(p) = -8*p - 8. Let u be (-7 + -2)*((-5)/3 - -2). Let x be v(u). Calculate the remainder when 6/(-24) - (-2516)/x is divided by 40.
37
Let z(j) = 2*j**2 - 9*j + 10. Let x(t) = -7*t**3 - t**2. Let q be x(1). Calculate the remainder when -29*(q/2 + 3) is divided by z(5).
14
Let h = 120 + -178. Suppose 0 = -5*r + c - 16, -c = -170*r + 174*r + 2. Calculate the remainder when h*((-10)/4 - r) is divided by 16.
13
Let s be (3 + (-423)/6)*-2. Suppose 1076 = 4*u - 3*q, -3*u + u + q = -540. Calculate the remainder when (4/3)/(u/s + -2) is divided by 23.
21
Let w(j) = -j**2 - 2*j - 1. Let o be w(-3). Let v be -2 + 3/(18/o)*186. Let c = -67 - v. Calculate the remainder when c is divided by 22.
15
Suppose 2*y + 11 = -9. Let t = 4 - y. Let r(a) = 1945*a - 15507. Calculate the remainder when r(8) is divided by t.
11
Let b = -4080 - -4132. Calculate the remainder when 1140 is divided by b.
48
Suppose r + 6 = 2*n, 5*n = 2*r - 9 + 26. Calculate the remainder when 94 is divided by (-258)/172*-5*r.
4
Suppose 12*k - 2*k - 70 = 0. Let p = -46 - -87. Suppose -p - k = -3*x. Calculate the remainder when x is divided by 7.
2
Let m be 6 - 0 - (-6 - -10). Suppose 163 - 51 = m*u. Suppose -q + 15 = -4. What is the remainder when u is divided by q?
18
Calculate the remainder when 418 is divided by ((-84)/(-72) + -5)*-42.
96
Suppose 5*h + 306 = 2*n + 2*n, 4*n - 292 = -2*h. What is the remainder when n is divided by 34?
6
Let y be -11 - (-23 + 4) - (2 + 1). Suppose 5*q = -z + 23, -67 = -4*z - y*q - 20. Let u(g) = 14*g + 1. Calculate the remainder when u(1) is divided by z.
7
Suppose w - 6*w = 4*l - 16, 0 = -5*w + 2*l + 22. Suppose 0 = -w*b, 3*r + b - 84 = -r. Calculate the remainder when r is divided by (2/(-8))/((-7)/308).
10
Let b(i) = 3*i**3 + 77*i**2 - 813*i - 14. Calculate the remainder when b(10) is divided by 851.
3
Let b = -86 - -73. Let g = -2 - b. What is the remainder when 149 is divided by g?
6
Let h = -3449 + 3567. Calculate the remainder when 127 is divided by h.
9
Suppose 5*d = 3*s - 3764, -4*d - 1243 = 7*s - 8*s. Calculate the remainder when s is divided by 44.
31
What is the remainder when 137 is divided by (23 - (-19 + 35)) + 24?
13
Suppose 41820 = -776*c + 836*c. Calculate the remainder when c is divided by 6.
1
Suppose -17*d - 52*d + 2176 = 37. What is the remainder when 45 is divided by d?
14
Suppose 737 = -11*m - 2035. Let q = m - -282. Calculate the remainder when q is divided by 14.
2
Suppose 3*r + 3 = 6. Let h be (-15)/10*(-1 - (-100)/(-12)). Suppose 0 = m - 2*x + r, -34 = -4*m - 5*x + h. Calculate the remainder when m is divided by 2.
1
Suppose 0 = -2*l + i + 25, 4*l - 2*i = -7*i + 15. Suppose 0 = 2*a - l, 3*p + 5*a = 2*p + 36. Calculate the remainder when p is divided by 3.
2
Suppose -b - 6 = 3. Let w(c) = -3*c**2 - 25*c - 30. Let k be w(b). Calculate the remainder when 50 is divided by (k + 2)/(-2) + 4.
23
Let l(x) = x**2 - 27*x + 88. Let h be l(29). Let y = 75 - 150. Let b = h + y. What is the remainder when b is divided by 37?
34
Suppose 4074*v - 4243*v = -107484. What is the remainder when v is divided by 29?
27
Let u(n) = -1351*n - 5753. Calculate the remainder when u(-5) is divided by 77.
1
Let b = -90 - -90. Suppose -6 = -2*o, -4*i + b*i + 61 = 3*o. Calculate the remainder when 101 is divided by i.
10
Let b = 8766 + -8333. What is the remainder when b is divided by 427?
6
Let w = -11 + 200. Suppose 0*g - 5*p = -4*g + 212, 0 = -6*p - 24. Calculate the remainder when w is divided by g.
45
Suppose 209 = 195*m - 194*m. Suppose m*u = 208*u + 16. What is the remainder when 41 is divided by u?
9
Let q(b) = 3*b**2 + 10*b - 15. Let l = 7905 + -7875. Calculate the remainder when q(7) is divided by l.
22
Suppose -76*u + 4380 = -2308. What is the remainder when 93 is divided by u?
5
Suppose -17024 = 25*h - 57*h. Calculate the remainder when h is divided by 134.
130
Let n(w) = 0*w - w + 14 + 24. Calculate the remainder when 46 is divided by n(26).
10
Suppose 0 = -26*c + 29*c + 4*v - 461, -5*c + v = -730. Calculate the remainder when c is divided by 23.
9
Let m(z) = -1389*z + 211. Let q be m(5). Calculate the remainder when 167 is divided by (10/6 - 1) + q/(-78).
80
Let i = 157 - 132. Calculate the remainder when 708 is divided by i.
8
Suppose -5*g - 200 = -5*t, 2*t - 15 - 59 = -g. What is the remainder when 2545 is divided by t?
37
Let p(v) = -v**3 - 41*v**2 + v + 52. What is the remainder when 1074 is divided by p(-41)?
7
Suppose 16*l = 13*l + 4*r + 13, -4*l = r - 49. Let c(o) = -o**2 + 30*o - 47. What is the remainder when c(l) is divided by 33?
30
Let p = -18557 - -18766. What is the remainder when p is divided by 4?
1
Let o(t) = -t**2 + 13*t + 2. Let q be o(7). Calculate the remainder when 2/1*46*33/q is divided by 18.
15
Calculate the remainder when 251 is divided by 1001/9 - (-39*28/189 - -6).
29
Let a be -12 + (-2)/(-5 - -3). Let n = a - -20. Let i(q) = q**2 - 3*q - 25. Calculate the remainder when n is divided by i(-4).
0
Suppose 0 = -4*q + 79 - 11. Suppose 15*v + 9*v + 119802 = 122130. What is the remainder when v is divid